t the prime factors of 304822.
2, 7, 21773
List the prime factors of 13152538.
2, 7, 37, 25391
What are the prime factors of 281263?
31, 43, 211
What are the prime factors of 32506?
2, 16253
List the prime factors of 489731.
11, 211
List the prime factors of 1150417.
1150417
List the prime factors of 8188590.
2, 3, 5, 499, 547
What are the prime factors of 3830600?
2, 5, 107, 179
What are the prime factors of 25732626?
2, 3, 1201, 3571
What are the prime factors of 82329?
3, 13, 2111
What are the prime factors of 300247?
300247
What are the prime factors of 2111091?
3, 503, 1399
What are the prime factors of 189788?
2, 17, 2791
What are the prime factors of 98739?
3, 23, 53
What are the prime factors of 2958660?
2, 3, 5, 5479
What are the prime factors of 53011?
7, 7573
List the prime factors of 2392531.
37, 64663
List the prime factors of 10953878.
2, 13, 421303
List the prime factors of 1355873.
23, 167, 353
List the prime factors of 143625.
3, 5, 383
What are the prime factors of 25632408?
2, 3, 599, 1783
List the prime factors of 348377.
29, 41, 293
List the prime factors of 12331105.
5, 23, 107227
What are the prime factors of 27911?
13, 19, 113
What are the prime factors of 12369732?
2, 3, 1030811
List the prime factors of 125594.
2, 7, 8971
What are the prime factors of 842493?
3, 73, 3847
List the prime factors of 7168512.
2, 3, 13, 359
What are the prime factors of 941367?
3, 7, 23, 1949
List the prime factors of 7174945.
5, 199, 7211
List the prime factors of 572189.
71, 8059
List the prime factors of 1273866.
2, 3, 11, 19301
What are the prime factors of 2186487?
3, 47, 1723
What are the prime factors of 17529189?
3, 5843063
What are the prime factors of 107797?
17, 373
What are the prime factors of 2184932?
2, 546233
List the prime factors of 1171270.
2, 5, 117127
What are the prime factors of 994886?
2, 107, 4649
What are the prime factors of 14540096?
2, 227189
What are the prime factors of 6902694?
2, 3, 383483
List the prime factors of 1037669.
41, 25309
What are the prime factors of 560072?
2, 70009
What are the prime factors of 833513?
157, 5309
What are the prime factors of 62658?
2, 3, 59
What are the prime factors of 2549362?
2, 331, 3851
List the prime factors of 5739211.
53, 108287
What are the prime factors of 5233822?
2, 11, 237901
List the prime factors of 6390363.
3, 7, 304303
What are the prime factors of 12903304?
2, 1612913
List the prime factors of 36828521.
29, 269, 4721
List the prime factors of 2862064.
2, 113, 1583
List the prime factors of 30798490.
2, 5, 3079849
What are the prime factors of 1025613?
3, 113957
What are the prime factors of 263029?
13, 20233
What are the prime factors of 4653490?
2, 5, 37, 12577
What are the prime factors of 1252638?
2, 3, 23197
What are the prime factors of 128887?
11, 11717
List the prime factors of 1314367.
29, 61, 743
What are the prime factors of 22072117?
1777, 12421
What are the prime factors of 4753085?
5, 950617
List the prime factors of 1834369.
59, 31091
What are the prime factors of 13377408?
2, 3, 11, 3167
What are the prime factors of 2589757?
19, 136303
What are the prime factors of 15303120?
2, 3, 5, 7, 9109
What are the prime factors of 2504497?
101, 137, 181
What are the prime factors of 2050750?
2, 5, 13, 631
List the prime factors of 1057266.
2, 3, 7, 2797
List the prime factors of 5692091.
29, 196279
List the prime factors of 12046073.
13, 31, 71, 421
List the prime factors of 824303.
193, 4271
List the prime factors of 1178495.
5, 235699
List the prime factors of 199060.
2, 5, 37, 269
List the prime factors of 3789499.
7, 97, 5581
What are the prime factors of 3836102?
2, 173, 11087
What are the prime factors of 51516?
2, 3, 53
What are the prime factors of 648089?
13, 49853
List the prime factors of 2864960.
2, 5, 7, 1279
What are the prime factors of 2554175?
5, 13, 29, 271
List the prime factors of 4177887.
3, 7, 97, 293
What are the prime factors of 650707?
419, 1553
List the prime factors of 173980.
2, 5, 8699
List the prime factors of 53799.
3, 79, 227
List the prime factors of 10007225.
5, 613, 653
What are the prime factors of 12536395?
5, 17, 147487
What are the prime factors of 2629051?
2629051
What are the prime factors of 1042727?
7, 148961
What are the prime factors of 12732626?
2, 17, 181, 2069
List the prime factors of 3553733.
1307, 2719
What are the prime factors of 4697710?
2, 5, 29, 97, 167
List the prime factors of 2331572.
2, 31, 18803
What are the prime factors of 24353938?
2, 7, 103, 16889
List the prime factors of 617413.
101, 6113
What are the prime factors of 521273?
89, 5857
What are the prime factors of 582330?
2, 3, 5, 7, 47, 59
What are the prime factors of 1016975?
5, 19, 2141
What are the prime factors of 1790256?
2, 3, 13, 19, 151
What are the prime factors of 10006620?
2, 3, 5, 13, 12829
List the prime factors of 1618924.
2, 23, 17597
List the prime factors of 662930.
2, 5, 66293
What are the prime factors of 591399?
3, 23, 2857
List the prime factors of 785462.
2, 433, 907
What are the prime factors of 82936?
2, 7, 1481
List the prime factors of 17176685.
5, 61, 199, 283
List the prime factors of 400672.
2, 19, 659
What are the prime factors of 4155872?
2, 7, 18553
What are the prime factors of 512699?
11, 127, 367
List the prime factors of 2806256.
2, 175391
List the prime factors of 4331080.
2, 5, 13, 8329
List the prime factors of 5203266.
2, 3, 867211
List the prime factors of 393822.
2, 3, 11, 13, 17
List the prime factors of 199904.
2, 6247
List the prime factors of 176432.
2, 11027
What are the prime factors of 84500?
2, 5, 13
List the prime factors of 3233508.
2, 3, 467, 577
List the prime factors of 9716.
2, 7, 347
What are the prime factors of 1861785?
3, 5, 4597
List the prime factors of 5654736.
2, 3, 107, 367
What are the prime factors of 2423141?
7, 41, 8443
List the prime factors of 146230.
2, 5, 7, 2089
What are the prime factors of 21409578?
2, 3, 997, 1193
List the prime factors of 220148.
2, 47, 1171
What are the prime factors of 167302?
2, 23, 3637
List the prime factors of 9546517.
271, 35227
What are the prime factors of 16748573?
29, 577537
What are the prime factors of 5813490?
2, 3, 5, 17, 11399
List the prime factors of 7581168.
2, 3, 7, 23, 109
What are the prime factors of 1380493?
431, 3203
List the prime factors of 499394.
2, 7, 35671
What are the prime factors of 551379?
3, 23, 61, 131
List the prime factors of 1922980.
2, 5, 96149
What are the prime factors of 1529637?
3, 509879
What are the prime factors of 505158?
2, 3, 59, 1427
What are the prime factors of 1103017?
1103017
List the prime factors of 266561.
149, 1789
List the prime factors of 1561510.
2, 5, 156151
List the prime factors of 1898465.
5, 379693
List the prime factors of 760671.
3, 9391
What are the prime factors of 397928?
2, 49741
What are the prime factors of 578670?
2, 3, 5, 19289
List the prime factors of 5468095.
5, 29, 43, 877
List the prime factors of 6858789.
3, 7, 326609
What are the prime factors of 82627?
53, 1559
List the prime factors of 4029022.
2, 2014511
What are the prime factors of 3545805?
3, 5, 236387
What are the prime factors of 125240?
2, 5, 31, 101
List the prime factors of 575991.
3, 13, 547
List the prime factors of 864833.
193, 4481
What are the prime factors of 51193?
51193
What are the prime factors of 220537?
220537
What are the prime factors of 3177882?
2, 3, 176549
List the prime factors of 441835.
5, 97, 911
What are the prime factors of 18095709?
3, 6031903
List the prime factors of 1484653.
67, 22159
What are the prime factors of 724640?
2, 5, 7, 647
List the prime factors of 5964176.
2, 19, 23, 853
What are the prime factors of 5092061?
13, 17, 23041
List the prime factors of 4617072.
2, 3, 32063
What are the prime factors of 18936?
2, 3, 263
List the prime factors of 10019507.
47, 213181
List the prime factors of 3675842.
2, 17, 73, 1481
What are the prime factors of 215648?
2, 23, 293
What are the prime factors of 2243583?
3, 249287
What are the prime factors of 3215309?
3215309
List the prime factors of 2546995.
5, 11, 46309
What are the prime factors of 244111?
7, 43, 811
List the prime factors of 169937.
169937
What are the prime factors of 501693?
3, 89, 1879
List the prime 